t c(k) = -k - 5. Let a be c(15). Let d = 50 + a. List the prime factors of d.
2, 3, 5
Let c = -38 - -65. Suppose 0*n - n = -c. Suppose u + n = 4*u. What are the prime factors of u?
3
Suppose 11*z = 15*z + 8, 1342 = 3*f + z. List the prime factors of f.
2, 7
What are the prime factors of 5/1 - (-2474)/2?
2, 3, 23
Let j = 43 - 39. Suppose -m = 5*t - 11, 82 + 30 = j*m + 3*t. What are the prime factors of m?
31
Let r(c) = -5*c - 28. Let y = -87 - -79. What are the prime factors of r(y)?
2, 3
Suppose -3*j = 3*t - 4*t - 2, -4*j + 33 = 3*t. Suppose 0 = -t*i + 2*i + 615. List the prime factors of i.
3, 41
Let s be 2/(-4) - (-651)/42. Suppose s*f - 14*f = 59. List the prime factors of f.
59
Suppose 3*x + 1 - 10 = 0. Let j be (-11 + 9)/(2/x). List the prime factors of (-2)/5*20*j.
2, 3
Suppose -4*p = -3*i + 2*i + 1751, 4*p = 3*i - 5221. List the prime factors of i.
5, 347
Suppose 0 = -2*v - y + 368, 3*v + y + 2*y = 558. Suppose 10*g - 3*g = v. List the prime factors of g.
2, 13
Let q(s) = 142*s + 18. Let t be q(-2). What are the prime factors of (0 + 2)*t/35*-10?
2, 19
Let n(p) = 3*p - 20. Let a be n(6). Let j(q) = -2*q - 1 + 2 - 3 - 8*q. List the prime factors of j(a).
2, 3
Suppose 0*f - 4 = -2*f. Let o(c) = -4*c**2 + 5*c - 10 + 5*c**f + 6. List the prime factors of o(4).
2
Let b(k) = -2*k**2 - 19*k + 40. List the prime factors of b(-8).
2
Let z(c) = 5*c**2 - 48*c + 13. Let g(w) = 2*w**2 - 24*w + 7. Let x(q) = 7*g(q) - 3*z(q). What are the prime factors of x(-19)?
3, 5, 7
Suppose a = -2, -v + 2*a = -8 + 2. Suppose 3*p + 5 = w - 1, 0 = v*p - w + 3. Let m(s) = -s**3 + s**2 + 2*s. List the prime factors of m(p).
2, 3, 5
Let b(s) = -11*s - 73. Let k be b(-7). Suppose -2*q - 2*r + 494 = -k*r, r - 1211 = -5*q. List the prime factors of q.
3
Let o(r) = -39*r - 29. What are the prime factors of o(-28)?
1063
Suppose -3*u - 3 = -9. List the prime factors of (u/(2/(-89)))/(-1).
89
Let k be (-340)/55 + (-2)/(-11). Let v = k + 4. What are the prime factors of ((-15)/10)/(v/108)?
3
Let j be 1/5 - (-99)/55. Suppose -2*r + 5*b = 4 - 21, 2*r - j*b = 32. What are the prime factors of r?
3, 7
Let g be 24/(18/4 + -3). Suppose 4*l - 4*p + g = 0, -l = -2*l - 5*p + 26. Let y = l + 20. List the prime factors of y.
3, 7
Suppose 5*z - 5*x = 2295, 365 + 569 = 2*z + 2*x. List the prime factors of z.
463
Let f = -18 - -276. Let h = -12 - f. What are the prime factors of h/(-4) + (-3)/(-6)?
2, 17
List the prime factors of (81 - 83) + 1*887.
3, 5, 59
Let i = 16 + -13. Let d be (-1 + 2)*i - 1. Let j(v) = 3*v**3 - v**2 + v. What are the prime factors of j(d)?
2, 11
Let d(x) = -63*x - 71. What are the prime factors of d(-9)?
2, 31
Let s(k) = -26*k + 48. Let q(a) = 2*a**3 + 2*a**2 + 1. Let y be q(-2). List the prime factors of s(y).
2, 5, 23
Let h(y) = 27*y**2 + 21*y + 26. What are the prime factors of h(6)?
2, 281
Suppose h = -s + 3*h + 10, 3*h = -9. Suppose 2 = -o - s*j, 4*o - j - 10 = 16. Suppose -o*t + 153 = -3*t. What are the prime factors of t?
3, 17
What are the prime factors of -1*(-1)/((-6)/(-3462))?
577
Let x = -221 - -1212. What are the prime factors of x?
991
Let h = -412 + 625. List the prime factors of h.
3, 71
Let m(i) be the second derivative of i**4/12 + 7*i**3/6 - i**2 - 7*i. Let w be m(-7). Let t(g) = -16*g + 1. List the prime factors of t(w).
3, 11
Let k = 509 + -132. List the prime factors of k.
13, 29
What are the prime factors of (24/27)/(-4) + (-544)/(-18)?
2, 3, 5
Let s = -8 - -7. Let b be (-7)/(7/(-4)) + s. Suppose j = 2*a + 3*j - 78, 2*a - b*j - 93 = 0. List the prime factors of a.
2, 3, 7
Suppose -131*j + 138*j = 35. Let z(q) = -q. Let c(m) = 12*m + 10. Let r(k) = c(k) + 3*z(k). List the prime factors of r(j).
5, 11
Suppose -x = -3*r - 4*x + 2790, 3*r - 3*x - 2766 = 0. What are the prime factors of r?
2, 463
Suppose 0 = -2*m + 1556 + 534. List the prime factors of m.
5, 11, 19
Suppose 4*v - l = v - 35, -5*v = -l + 59. Let o be (3/(-9))/(2/v). Suppose -o*m + 2*z = 7*z - 21, -4 = 4*z. List the prime factors of m.
13
Let v(l) = -3*l + 6. Let x(a) = -15*a + 8 - a + 21. Let f(j) = 11*v(j) - 2*x(j). What are the prime factors of f(0)?
2
Let j = 786 + -510. List the prime factors of j.
2, 3, 23
List the prime factors of ((-21329)/33 + 9)*(-18)/8.
2, 3, 239
Let u(z) = -z**3 - 3*z**2 + 22*z - 27. List the prime factors of u(-10).
3, 151
Let h(l) = -l**3 + 12*l**2 + 25*l - 2. Let f(d) = -d**3 + 4*d**2 + 7*d - 15. Let g be f(4). What are the prime factors of h(g)?
2, 7, 11
Let n(u) = -u**3 + 4*u**2 - 3*u + 1. Let a be n(2). Suppose -2*k + a = -1. Suppose 5 = k*t - 13. What are the prime factors of t?
3
Let j = -43 - -47. Suppose 0 = -3*h - 11 + 2, -j*n = -2*h - 278. List the prime factors of n.
2, 17
Let j(t) = t**2 + 7*t - 12. Let m be j(-9). Let p be (m/9)/(8/(-36)). Let n(q) = -q**3 - q**2 + 4*q. List the prime factors of n(p).
2, 3
Suppose 73*s + 5076 = 91*s. What are the prime factors of s?
2, 3, 47
Let b(j) = -j**3 + 15*j**2 + 14*j - 30. Let h be b(16). Let v = 27 - h. List the prime factors of v.
89
Suppose -2*o + 2*p = -0*o - 912, 2*o = -4*p + 882. What are the prime factors of o?
11, 41
Let b(k) = 11 - k + 5*k - k**2 + 1 + 6*k. What are the prime factors of b(9)?
3, 7
Let m(d) = 6*d**2 - 20*d - 78. List the prime factors of m(22).
2, 1193
Suppose 0 = -2*a + 23*a - 16149. What are the prime factors of a?
769
Let q = 751 + -419. List the prime factors of q.
2, 83
Let b be (150/4)/(-3)*(-30)/25. List the prime factors of 6/b - (-1472)/20.
2, 37
Suppose -1 - 217 = -3*p + 2*t, 4*p = 5*t + 279. Let a = p + -48. What are the prime factors of a?
2, 7
Let r = 111 + 48. List the prime factors of r.
3, 53
Let g = 27 + -23. Suppose y + h = 249, -2*h - 44 = -g*y + 952. List the prime factors of y.
3, 83
Let r be (1 - 5) + (4 - 0). Suppose 9*y - 2*y - 133 = r. List the prime factors of y.
19
What are the prime factors of 50768/56 - (-12)/28?
907
Suppose -9*m + 3425 = -4*m - 4*u, -4*m = 4*u - 2776. List the prime factors of m.
13, 53
Suppose -5*r + y + 5 = -y, -3*r + 4*y + 17 = 0. Let s be -2 + r*57 + 0. Let p = s + 107. What are the prime factors of p?
2, 3
Suppose -3*l - 4*t + 5192 = 0, -l + 1730 = 10*t - 8*t. What are the prime factors of l?
2, 433
Let x(r) = 4*r**3 + 5*r**2 + 7*r - 43. What are the prime factors of x(8)?
2381
Let o = -283 - -388. List the prime factors of o.
3, 5, 7
Suppose -2*n + 14 = -q - q, -3*n = 4*q + 7. Suppose -n*j + 9 = -0*j. Suppose j*h = -2*u + 36, 6*h - 52 = -3*u + h. List the prime factors of u.
2, 3
Let v(p) = 9*p + 28. List the prime factors of v(17).
181
Suppose h - 16 = -3*h. Suppose 10*w + h = 6*w. List the prime factors of -7*(w + -1 - 0).
2, 7
Suppose t + 0*t = 5*s - 138, 78 = 3*s - 3*t. Let f = s + -16. List the prime factors of f.
2, 3
Let w be (-20)/(-70) - (-416)/14. Let v = 58 - w. What are the prime factors of v?
2, 7
List the prime factors of 208550/65 + (-120)/260.
2, 401
Let c(m) = -m + 13. Let v be c(5). What are the prime factors of (v + -5)/(1 - 0)*53?
3, 53
Let m(d) = 3*d**3 + 6*d**2 - 2*d - 2. Let u(r) = -2*r**3 - 7*r**2 + r + 2. Let i(f) = -3*m(f) - 4*u(f). List the prime factors of i(8).
2, 71
Suppose 3*m - 2*x - 924 = -0*x, 1540 = 5*m - 3*x. What are the prime factors of m?
2, 7, 11
Let v(l) = -l**2 + 6*l - 2. Let t be v(6). Let p be 0 - 0/(t/(-2)). Suppose -3*r + 2*r + 31 = p. What are the prime factors of r?
31
Suppose 0 = 5*z + 2*j - 1414, -4*z + j + 264 = -862. Let t = 196 - z. Let r = -33 - t. List the prime factors of r.
53
Let b = -95 + 66. Suppose 0 = -3*w, -c - 2*c - 2*w + 195 = 0. Let n = c + b. List the prime factors of n.
2, 3
Let k(u) = u**2 + 20*u + 20. List the prime factors of k(17).
11, 59
Let f(n) be the third derivative of -n**6/120 - 17*n**5/60 + 7*n**4/12 + 4*n**3/3 - 2*n**2. List the prime factors of f(-18).
2, 5
Suppose p + 15 - 19 = 0. Suppose p = x + 3, 4*y = 5*x - 145. Let o = y + 59. List the prime factors of o.
2, 3
Let w be ((-3)/2)/((-6)/16). Let h be w/(-14) + (-825)/(-21). Suppose 2*j - h = -j. List the prime factors of j.
13
Let n be (-28)/(-6) - 1/(-3). Let s(r) = -2*r + 10. Let b be s(-7). Suppose n*p - b - 6 = 0. List the prime factors of p.
2, 3
Let t(f) = -f + 58. Let h be t(17). Suppose 4*x + d = 73, 2*x = -8*d + 3*d + h. What are the prime factors of x?
2, 3
Let t(z) = -3*z -